Skip navigation

Daily Weather Reports

[Select Refresh to Update]


NOAA Yearly Report

YEARLY CLIMATOLOGICAL SUMMARY FOR 2014



MON


MEAN
TEMP



HIGH



DATE



LOW



DATE

HEAT
DEG
DAYS

COOL
DEG
DAYS



RAIN


WIND
AVG

SPE
HI

ED
DATE

DOM
DIR

MEAN
BAROM

MEAN
HUM
---------------------------------------------------------------------------------------
1 61.9 79.6 1/17/14 41.7 1/9/14 167 72 0.40 5 54 1/14/14 NNW 30.14 31
2 57.8 83.9 2/14/14 35.3 2/2/14 248 46 1.45 2 38 2/1/14 NNW 30.07 54
3 61.1 87.7 3/16/14 44.4 3/14/14 192 71 0.98 4 45 3/8/14 N 30.07 53
4 63.9 90.0 4/9/14 38.8 4/3/14 168 134 1.20 3 53 4/30/14 N 30.01 48
5 70.0 99.9 5/15/14 48.3 5/7/14 78 232 0.28 3 40 5/13/14 SSW 29.97 45
6 77.3 97.6 6/9/14 54.3 6/3/14 16 385 0.00 3 19 6/2/14 SSW 29.88 44
7 81.3 98.8 7/3/14 57.5 7/18/14 5 353 0.00 2 19 7/4/14 SSW 29.96 48
---------------------------------------------------------------------------------------
TOT 67.1 99.9 5/15/14 35.3 1/1/14 874 1291 0.00 3 54 1/14/14 SSW 30.02 46
 
HEAT BASE : 65.0
COOL BASE : 65.0
 


NOAA Monthly Report

MONTHLY CLIMATOLOGICAL SUMMARY FOR 7/2014



DAY


MEAN
TEMP



HIGH



TIME



LOW



TIME

HEAT
DEG
DAYS

COOL
DEG
DAYS



RAIN


WIND
AVG

SPE
HI

ED
TIME

DOM
DIR

MEAN
BAROM

MEAN
HUM
---------------------------------------------------------------------------------------
1 86.6 93.0 3:26pm 69.5 8:28am 0 22 0.00 2 12 1:54pm SSW 29.84 44
2 87.6 93.6 2:29pm 70.4 8:24am 0 23 0.00 3 15 4:51pm SW 29.86 40
3 92.6 98.8 3:11pm 79.8 9:27am 0 28 0.00 3 15 3:39pm SSW 29.89 28
4 93.2 97.6 1:17pm 80.1 8:28am 0 28 0.00 3 19 1:43pm SW 29.94 31
5 91.0 95.2 1:55pm 79.7 8:45am 0 26 0.00 5 16 2:03pm SW 30.01 30
6 91.0 95.4 3:13pm 82.4 9:16am 0 26 0.00 4 15 3:41pm S 29.97 27
7 90.4 96.9 3:38pm 78.3 8:42am 0 25 0.00 2 15 4:37pm SSW 29.89 28
8 90.6 96.6 3:07pm 77.6 8:39am 0 26 0.00 2 13 3:50pm SSW 29.90 30
9 89.3 94.6 3:50pm 76.9 9:10am 0 24 0.00 3 15 4:15pm SSW 29.93 34
10 83.8 90.4 3:46pm 68.2 8:36am 0 19 0.00 2 17 4:28pm S 29.93 41
11 74.7 88.3 3:37pm 60.7 6:06am 0 10 0.00 2 16 4:17pm SSW 29.98 54
12 76.0 91.1 4:16pm 61.4 5:58am 0 11 0.00 2 13 2:56pm SSW 29.98 54
13 81.2 98.4 2:51pm 66.4 5:38am 0 16 0.00 1 13 4:01pm SSW 29.90 51
14 77.9 92.7 4:33pm 71.5 10:23pm 0 13 0.00 1 14 6:54pm SSW 29.95 62
15 76.7 90.3 2:34pm 68.0 11:42pm 0 12 0.00 2 18 4:49pm SSW 30.01 64
16 74.1 87.0 4:13pm 67.2 11:46pm 0 9 0.00 2 15 4:28pm SSW 30.02 62
17 68.4 81.1 5:10pm 60.8 4:12am 1 4 0.00 1 15 5:54pm SSW 30.03 67
18 70.6 85.4 5:03pm 57.5 6:09am 2 7 0.00 1 12 1:43pm SSW 30.01 60
19 70.8 83.4 5:27pm 61.6 5:47am 0 6 0.00 1 11 6:15pm SW 29.97 66
20 72.6 85.7 3:51pm 62.2 2:00am 0 8 0.00 2 14 4:34pm SSW 29.99 66
21 73.7 88.1 4:11pm 60.3 5:03am 1 9 0.00 1 16 12:54pm SSW 30.04 60
22 63.8 68.7 12:09am 60.5 6:11am 0 0 0.00 0 4 1:03am NW 30.04 73
---------------------------------------------------------------------------------------
TOT 81.3 98.8 7/3/14 57.5 7/18/14 5 353 0.00 2 19 7/4/14 SSW 29.96 48
 
HEAT BASE : 65.0
COOL BASE : 65.0
 

© All rights reserved. Unauthorized duplication or distribution is prohibited

Never base important decisions on this or any weather information obtained from the Internet

California State University, San Bernardino
5500 University Parkway, San Bernardino, CA. 92407
Phone: (909) 537-7558, Email: Steve Burdick
Last Updated: