Skip navigation

Daily Weather Reports

[Select Refresh to Update]


NOAA Yearly Report

YEARLY CLIMATOLOGICAL SUMMARY FOR 2014



MON


MEAN
TEMP



HIGH



DATE



LOW



DATE

HEAT
DEG
DAYS

COOL
DEG
DAYS



RAIN


WIND
AVG

SPE
HI

ED
DATE

DOM
DIR

MEAN
BAROM

MEAN
HUM
---------------------------------------------------------------------------------------
1 61.9 79.6 1/17/14 41.7 1/9/14 167 72 0.40 5 54 1/14/14 NNW 30.14 31
2 57.8 83.9 2/14/14 35.3 2/2/14 248 46 1.45 2 38 2/1/14 NNW 30.07 54
3 61.1 87.7 3/16/14 44.4 3/14/14 192 71 0.98 4 45 3/8/14 N 30.07 53
4 63.9 90.0 4/9/14 38.8 4/3/14 168 134 1.20 3 53 4/30/14 N 30.01 48
5 70.0 99.9 5/15/14 48.3 5/7/14 78 232 0.28 3 40 5/13/14 SSW 29.97 45
6 77.3 97.6 6/9/14 54.3 6/3/14 16 385 0.00 3 19 6/2/14 SSW 29.88 44
7 81.8 104.5 7/24/14 57.5 7/18/14 5 524 0.00 2 19 7/4/14 SSW 29.95 45
8 77.2 100.8 8/1/14 57.0 8/6/14 8 385 0.89 2 33 8/3/14 SSW 29.94 52
9 77.9 104.8 9/15/14 56.7 9/29/14 10 396 0.10 1 27 9/16/14 SSW 29.86 49
10 71.4 100.5 10/4/14 52.4 10/28/14 53 252 0.07 2 32 10/2/14 SSW 29.96 47
11 63.3 89.8 11/8/14 45.3 11/20/14 135 83 0.99 4 47 11/16/14 N 30.11 41
12 56.5 75.6 12/9/14 41.5 12/14/14 176 10 5.06 1 26 12/12/14 S 30.13 69
---------------------------------------------------------------------------------------
TOT 68.8 104.8 9/15/14 35.3 1/1/14 1256 2587 7.11 3 54 1/14/14 SSW 30.00 48
 
HEAT BASE : 65.0
COOL BASE : 65.0
 


NOAA Monthly Report

MONTHLY CLIMATOLOGICAL SUMMARY FOR 12/2014



DAY


MEAN
TEMP



HIGH



TIME



LOW



TIME

HEAT
DEG
DAYS

COOL
DEG
DAYS



RAIN


WIND
AVG

SPE
HI

ED
TIME

DOM
DIR

MEAN
BAROM

MEAN
HUM
---------------------------------------------------------------------------------------
1 58.6 66.5 2:35pm 51.7 7:07am 7 0 0.01 0 5 12:33pm N 30.16 77
2 56.7 62.5 8:40am 54.3 5:40pm 8 0 1.54 1 12 2:29pm S 30.03 76
3 60.2 64.1 1:57pm 57.0 12:00am 5 0 0.84 0 9 4:57pm S 30.01 89
4 60.0 66.1 2:11pm 53.2 11:47pm 5 0 0.35 1 9 2:14pm SSE 30.05 81
5 58.3 66.4 1:32pm 50.4 5:01am 7 0 0.00 0 6 6:31pm NNW 30.17 74
6 59.7 69.1 3:04pm 51.3 6:40am 6 0 0.00 2 25 5:00pm N 30.23 71
7 62.9 73.8 1:21pm 51.7 5:15am 4 2 0.00 2 20 5:32pm NNW 30.20 57
8 64.2 74.7 12:09pm 53.3 5:36am 3 3 0.00 3 22 8:48pm N 30.13 50
9 64.9 75.6 2:32pm 52.4 6:12am 3 3 0.00 4 25 2:50am N 30.10 41
10 63.2 72.9 12:47pm 53.5 7:16am 4 2 0.00 1 22 3:50am N 30.03 42
11 58.7 66.2 2:47pm 52.0 5:54am 6 0 0.00 1 17 11:26pm S 30.00 67
12 52.7 58.6 12:23am 49.9 10:19am 12 0 1.54 3 26 4:18am S 30.03 84
13 52.0 58.6 2:10pm 44.9 11:58pm 13 0 0.00 2 17 7:16pm SSW 30.17 72
14 49.6 60.0 1:00pm 41.5 6:53am 15 0 0.00 0 6 12:38pm SSW 30.18 64
15 51.2 61.3 2:04pm 43.5 7:02am 14 0 0.00 0 9 2:15pm S 30.11 61
16 51.7 55.8 12:58pm 48.0 2:04am 13 0 0.26 0 11 12:31pm SSW 30.08 78
17 51.5 56.6 1:42pm 47.7 6:47am 14 0 0.52 1 12 3:34am S 30.11 80
18 51.0 60.2 3:20pm 44.6 7:00am 14 0 0.00 0 9 1:10pm S 30.24 71
19 51.5 62.3 1:49pm 42.9 4:30am 13 0 0.00 0 9 12:06pm S 30.27 68
20 50.5 58.5 1:32pm 44.5 6:44am 10 0 0.00 0 4 1:09am NNW 30.23 75
---------------------------------------------------------------------------------------
TOT 56.5 75.6 12/9/14 41.5 12/14/14 176 10 5.06 1 26 12/12/14 S 30.13 69
 
HEAT BASE : 65.0
COOL BASE : 65.0
 

© All rights reserved. Unauthorized duplication or distribution is prohibited

Never base important decisions on this or any weather information obtained from the Internet

California State University, San Bernardino
5500 University Parkway, San Bernardino, CA. 92407
Phone: (909) 537-7558, Email: Steve Burdick
Last Updated: