Skip navigation

Daily Weather Reports

[Select Refresh to Update]


NOAA Yearly Report

YEARLY CLIMATOLOGICAL SUMMARY FOR 2014



MON


MEAN
TEMP



HIGH



DATE



LOW



DATE

HEAT
DEG
DAYS

COOL
DEG
DAYS



RAIN


WIND
AVG

SPE
HI

ED
DATE

DOM
DIR

MEAN
BAROM

MEAN
HUM
---------------------------------------------------------------------------------------
1 61.9 79.6 1/17/14 41.7 1/9/14 167 72 0.40 5 54 1/14/14 NNW 30.14 31
2 57.8 83.9 2/14/14 35.3 2/2/14 248 46 1.45 2 38 2/1/14 NNW 30.07 54
3 61.1 87.7 3/16/14 44.4 3/14/14 192 71 0.98 4 45 3/8/14 N 30.07 53
4 63.9 90.0 4/9/14 38.8 4/3/14 168 134 1.20 3 53 4/30/14 N 30.01 48
5 70.0 99.9 5/15/14 48.3 5/7/14 78 232 0.28 3 40 5/13/14 SSW 29.97 45
6 77.3 97.6 6/9/14 54.3 6/3/14 16 385 0.00 3 19 6/2/14 SSW 29.88 44
7 81.8 104.5 7/24/14 57.5 7/18/14 5 524 0.00 2 19 7/4/14 SSW 29.95 45
8 77.2 100.8 8/1/14 57.0 8/6/14 8 385 0.89 2 33 8/3/14 SSW 29.94 52
9 81.3 104.8 9/15/14 60.4 9/2/14 2 272 0.10 1 27 9/16/14 SSW 29.82 45
---------------------------------------------------------------------------------------
TOT 69.8 104.8 9/15/14 35.3 1/1/14 884 2119 0.99 3 54 1/14/14 SSW 29.99 46
 
HEAT BASE : 65.0
COOL BASE : 65.0
 


NOAA Monthly Report

MONTHLY CLIMATOLOGICAL SUMMARY FOR 9/2014



DAY


MEAN
TEMP



HIGH



TIME



LOW



TIME

HEAT
DEG
DAYS

COOL
DEG
DAYS



RAIN


WIND
AVG

SPE
HI

ED
TIME

DOM
DIR

MEAN
BAROM

MEAN
HUM
---------------------------------------------------------------------------------------
1 80.1 96.0 4:01pm 65.1 3:50am 0 15 0.00 2 15 5:49pm SSW 29.82 40
2 76.5 94.3 2:21pm 60.4 6:39am 0 12 0.00 1 14 5:55pm SSW 29.83 55
3 74.6 90.0 3:12pm 63.2 4:47am 0 10 0.00 1 13 5:22pm SSW 29.78 63
4 72.3 87.4 3:48pm 61.4 3:40am 1 8 0.00 1 11 11:29am SSW 29.78 66
5 78.2 98.1 3:47pm 60.4 6:17am 0 14 0.00 1 13 4:11pm SSW 29.86 52
6 83.2 99.4 3:12pm 67.7 6:27am 0 18 0.00 2 17 4:35pm SSW 29.87 48
7 82.7 97.0 12:04pm 73.4 6:11am 0 18 0.07 1 20 12:46pm NNW 29.81 51
8 76.9 84.2 4:31pm 72.0 6:03am 0 12 0.03 1 9 9:38am NNE 29.87 59
9 77.7 89.8 3:04pm 66.7 6:38am 0 13 0.00 1 16 4:10pm SSW 29.92 45
10 78.9 97.8 2:47pm 62.6 6:02am 0 14 0.00 1 14 4:18pm N 29.89 37
11 80.8 97.0 2:11pm 66.4 5:39am 0 16 0.00 1 21 2:00pm SSW 29.86 39
12 83.1 100.6 3:09pm 68.2 6:31am 0 18 0.00 1 15 3:49pm SSW 29.82 37
13 86.2 103.0 2:25pm 70.7 5:12am 0 21 0.00 2 18 4:27pm NNW 29.76 33
14 89.4 104.4 3:27pm 75.2 5:50am 0 24 0.00 1 16 5:48pm NNW 29.75 28
15 90.1 104.8 3:07pm 76.2 6:39am 0 25 0.00 1 16 5:14pm NNW 29.78 30
16 88.4 103.4 2:20pm 77.0 6:27am 0 23 0.00 2 27 3:38pm NNW 29.77 36
17 84.6 97.1 1:43pm 76.5 5:41am 0 11 0.00 1 13 1:30pm NW 29.76 50
---------------------------------------------------------------------------------------
TOT 81.3 104.8 9/15/14 60.4 9/2/14 2 272 0.10 1 27 9/16/14 SSW 29.82 45
 
HEAT BASE : 65.0
COOL BASE : 65.0
 

© All rights reserved. Unauthorized duplication or distribution is prohibited

Never base important decisions on this or any weather information obtained from the Internet

California State University, San Bernardino
5500 University Parkway, San Bernardino, CA. 92407
Phone: (909) 537-7558, Email: Steve Burdick
Last Updated: