Skip navigation

Daily Weather Reports

[Select Refresh to Update]


NOAA Yearly Report

YEARLY CLIMATOLOGICAL SUMMARY FOR 2014



MON


MEAN
TEMP



HIGH



DATE



LOW



DATE

HEAT
DEG
DAYS

COOL
DEG
DAYS



RAIN


WIND
AVG

SPE
HI

ED
DATE

DOM
DIR

MEAN
BAROM

MEAN
HUM
---------------------------------------------------------------------------------------
1 61.9 79.6 1/17/14 41.7 1/9/14 167 72 0.40 5 54 1/14/14 NNW 30.14 31
2 57.8 83.9 2/14/14 35.3 2/2/14 248 46 1.45 2 38 2/1/14 NNW 30.07 54
3 61.1 87.7 3/16/14 44.4 3/14/14 192 71 0.98 4 45 3/8/14 N 30.07 53
4 63.9 90.0 4/9/14 38.8 4/3/14 168 134 1.20 3 53 4/30/14 N 30.01 48
5 70.0 99.9 5/15/14 48.3 5/7/14 78 232 0.28 3 40 5/13/14 SSW 29.97 45
6 77.3 97.6 6/9/14 54.3 6/3/14 16 385 0.00 3 19 6/2/14 SSW 29.88 44
7 81.8 104.5 7/24/14 57.5 7/18/14 5 524 0.00 2 19 7/4/14 SSW 29.95 45
8 77.2 100.8 8/1/14 57.0 8/6/14 8 385 0.89 2 33 8/3/14 SSW 29.94 52
9 77.9 104.8 9/15/14 56.7 9/29/14 10 396 0.10 1 27 9/16/14 SSW 29.86 49
10 71.4 100.5 10/4/14 52.4 10/28/14 53 252 0.07 2 32 10/2/14 SSW 29.96 47
11 62.8 89.8 11/8/14 45.3 11/20/14 104 55 0.75 4 47 11/16/14 N 30.09 46
---------------------------------------------------------------------------------------
TOT 69.6 104.8 9/15/14 35.3 1/1/14 1049 2550 1.81 3 54 1/14/14 SSW 29.99 47
 
HEAT BASE : 65.0
COOL BASE : 65.0
 


NOAA Monthly Report

MONTHLY CLIMATOLOGICAL SUMMARY FOR 11/2014



DAY


MEAN
TEMP



HIGH



TIME



LOW



TIME

HEAT
DEG
DAYS

COOL
DEG
DAYS



RAIN


WIND
AVG

SPE
HI

ED
TIME

DOM
DIR

MEAN
BAROM

MEAN
HUM
---------------------------------------------------------------------------------------
1 56.0 59.3 12:59pm 52.1 11:16pm 9 0 0.53 2 15 1:53am S 29.97 77
2 56.2 65.5 2:40pm 47.4 6:32am 9 0 0.00 2 18 9:32pm SSW 30.08 65
3 61.9 69.0 2:58pm 55.4 5:58am 4 1 0.00 7 32 12:07pm NNW 30.19 28
4 68.1 74.8 3:11pm 60.9 5:08am 1 4 0.00 9 46 7:16am NNW 30.20 14
5 75.4 83.2 1:59pm 63.8 1:30am 0 10 0.00 11 39 5:04am NNE 30.12 13
6 73.5 87.1 1:58pm 60.3 4:17am 1 9 0.00 2 17 2:40pm NNW 30.16 22
7 71.8 88.3 1:36pm 57.9 6:21am 1 8 0.00 3 17 1:02pm NNW 30.10 24
8 74.3 89.8 1:44pm 61.4 6:31am 0 10 0.00 2 15 4:48pm NW 30.04 23
9 69.6 85.3 1:08pm 56.9 11:50pm 2 6 0.00 1 10 12:22pm NNW 29.92 36
10 59.2 70.6 1:19pm 48.4 5:59am 7 1 0.00 1 10 2:26pm N 29.91 71
11 59.4 62.0 4:19pm 57.3 6:29am 6 0 0.00 1 6 11:00am SSW 29.98 73
12 59.3 65.0 2:29pm 55.4 7:59pm 6 0 0.00 1 9 3:06pm SSW 30.03 71
13 58.7 62.3 2:22pm 53.4 2:41am 6 0 0.00 0 7 2:50pm SSW 30.09 74
14 61.5 67.9 2:29pm 56.3 6:14am 4 0 0.00 1 10 2:16pm SW 30.05 73
15 60.9 66.0 2:00pm 56.9 5:51am 4 0 0.00 1 10 5:16pm S 30.08 76
16 59.7 64.9 1:55pm 53.8 1:20am 5 0 0.00 15 47 10:14am N 30.21 21
17 63.5 70.4 12:35pm 58.3 6:02am 2 1 0.00 15 34 5:15am NNE 30.20 11
18 63.3 74.5 12:49pm 51.7 10:47pm 4 2 0.00 4 27 12:36am NNW 30.19 16
19 58.3 71.3 1:38pm 49.8 5:06am 8 1 0.00 1 11 1:19pm SSW 30.17 31
20 56.7 65.5 12:15pm 45.3 6:06am 8 0 0.00 1 10 12:34pm SSW 30.11 59
21 58.2 69.2 2:40pm 51.3 11:13pm 7 0 0.22 1 18 11:50am N 30.02 70
22 57.0 68.6 2:54pm 46.6 6:48am 9 1 0.00 1 9 2:40pm N 30.12 63
23 53.8 54.9 12:46am 52.1 2:57am 1 0 0.00 1 6 2:55am N 30.10 83
---------------------------------------------------------------------------------------
TOT 62.8 89.8 11/8/14 45.3 11/20/14 104 55 0.75 4 47 11/16/14 N 30.09 46
 
HEAT BASE : 65.0
COOL BASE : 65.0
 

© All rights reserved. Unauthorized duplication or distribution is prohibited

Never base important decisions on this or any weather information obtained from the Internet

California State University, San Bernardino
5500 University Parkway, San Bernardino, CA. 92407
Phone: (909) 537-7558, Email: Steve Burdick
Last Updated: