Skip navigation

Daily Weather Reports

[Select Refresh to Update]


NOAA Yearly Report

YEARLY CLIMATOLOGICAL SUMMARY FOR 2014



MON


MEAN
TEMP



HIGH



DATE



LOW



DATE

HEAT
DEG
DAYS

COOL
DEG
DAYS



RAIN


WIND
AVG

SPE
HI

ED
DATE

DOM
DIR

MEAN
BAROM

MEAN
HUM
---------------------------------------------------------------------------------------
1 61.9 79.6 1/17/14 41.7 1/9/14 167 72 0.40 5 54 1/14/14 NNW 30.14 31
2 57.8 83.9 2/14/14 35.3 2/2/14 248 46 1.45 2 38 2/1/14 NNW 30.07 54
3 61.1 87.7 3/16/14 44.4 3/14/14 192 71 0.98 4 45 3/8/14 N 30.07 53
4 63.9 90.0 4/9/14 38.8 4/3/14 168 134 1.20 3 53 4/30/14 N 30.01 48
5 70.0 99.9 5/15/14 48.3 5/7/14 78 232 0.28 3 40 5/13/14 SSW 29.97 45
6 77.3 97.6 6/9/14 54.3 6/3/14 16 385 0.00 3 19 6/2/14 SSW 29.88 44
7 81.8 104.5 7/24/14 57.5 7/18/14 5 524 0.00 2 19 7/4/14 SSW 29.95 45
8 77.2 100.8 8/1/14 57.0 8/6/14 8 385 0.89 2 33 8/3/14 SSW 29.94 52
9 77.9 104.8 9/15/14 56.7 9/29/14 10 396 0.10 1 27 9/16/14 SSW 29.86 49
10 72.7 100.5 10/4/14 53.7 10/21/14 33 219 0.01 2 32 10/2/14 SSW 29.95 45
---------------------------------------------------------------------------------------
TOT 70.2 104.8 9/15/14 35.3 1/1/14 926 2462 1.00 3 54 1/14/14 SSW 29.98 47
 
HEAT BASE : 65.0
COOL BASE : 65.0
 


NOAA Monthly Report

MONTHLY CLIMATOLOGICAL SUMMARY FOR 10/2014



DAY


MEAN
TEMP



HIGH



TIME



LOW



TIME

HEAT
DEG
DAYS

COOL
DEG
DAYS



RAIN


WIND
AVG

SPE
HI

ED
TIME

DOM
DIR

MEAN
BAROM

MEAN
HUM
---------------------------------------------------------------------------------------
1 74.8 92.0 3:18pm 57.5 6:21am 1 11 0.00 4 28 12:58pm NW 29.82 41
2 83.4 93.0 3:31pm 72.7 12:26am 0 18 0.00 11 32 10:12am NNE 29.97 11
3 84.9 97.1 2:47pm 66.6 2:24am 0 20 0.00 7 24 10:29am NNE 30.01 9
4 87.6 100.5 2:34pm 74.1 11:38pm 0 23 0.00 4 23 11:47am NNW 29.93 12
5 81.5 98.6 3:36pm 66.1 6:15am 0 16 0.00 2 15 3:29pm NNW 29.91 19
6 78.4 95.2 3:45pm 63.2 6:13am 0 13 0.00 1 12 2:38pm NNW 29.91 24
7 77.6 91.3 4:00pm 65.9 7:14am 0 13 0.00 1 12 3:13pm NW 29.90 27
8 74.1 88.3 2:49pm 62.1 7:05am 0 9 0.00 1 17 1:03pm SSW 29.87 40
9 68.8 81.2 4:32pm 58.4 5:50am 1 5 0.00 1 12 4:12pm SSW 29.95 63
10 69.6 84.1 2:57pm 57.0 6:13am 2 7 0.00 1 13 3:11pm NW 29.99 62
11 72.1 89.1 3:31pm 57.8 6:33am 2 9 0.00 1 10 2:36pm NNW 29.96 55
12 71.6 90.4 12:57pm 59.0 5:08am 1 8 0.00 2 14 12:54pm NNW 29.92 53
13 76.9 93.8 1:41pm 59.3 4:02am 1 13 0.00 3 22 12:24pm N 29.99 35
14 68.7 80.6 2:29pm 57.5 6:56am 1 5 0.00 1 11 10:35am SSW 29.98 52
15 65.9 75.4 3:35pm 59.3 6:36am 2 3 0.01 2 14 1:29pm SSW 30.00 68
16 64.7 75.9 3:42pm 55.7 4:55am 3 3 0.00 1 12 6:11pm SSW 30.01 66
17 63.8 74.6 3:35pm 54.7 4:34am 3 2 0.00 1 11 12:50pm SSW 30.00 70
18 65.7 76.2 3:24pm 57.6 7:09am 2 3 0.00 1 11 2:33pm SSW 29.93 67
19 65.8 79.3 3:32pm 55.5 4:33am 3 4 0.00 1 12 1:44pm SSW 29.92 68
20 66.2 78.6 3:44pm 55.1 6:46am 3 4 0.00 1 10 12:18pm SSW 29.94 70
21 66.2 80.4 4:12pm 53.7 7:17am 3 4 0.00 1 11 12:59pm SSW 29.93 64
22 70.5 89.0 2:39pm 55.0 6:09am 2 8 0.00 1 9 1:59pm N 29.96 46
23 73.5 90.5 1:53pm 60.3 5:40am 1 10 0.00 1 10 1:33pm SSW 29.99 32
24 74.2 90.2 1:34pm 60.1 6:19am 1 10 0.00 1 17 4:33pm NNW 30.00 29
25 64.5 66.2 12:25am 61.6 4:51am 0 0 0.00 1 5 1:07am NNW 30.03 40
---------------------------------------------------------------------------------------
TOT 72.7 100.5 10/4/14 53.7 10/21/14 33 219 0.01 2 32 10/2/14 SSW 29.95 45
 
HEAT BASE : 65.0
COOL BASE : 65.0
 

© All rights reserved. Unauthorized duplication or distribution is prohibited

Never base important decisions on this or any weather information obtained from the Internet

California State University, San Bernardino
5500 University Parkway, San Bernardino, CA. 92407
Phone: (909) 537-7558, Email: Steve Burdick
Last Updated: