Skip navigation

Daily Weather Reports

[Select Refresh to Update]


NOAA Yearly Report

YEARLY CLIMATOLOGICAL SUMMARY FOR 2015



MON


MEAN
TEMP



HIGH



DATE



LOW



DATE

HEAT
DEG
DAYS

COOL
DEG
DAYS



RAIN


WIND
AVG

SPE
HI

ED
DATE

DOM
DIR

MEAN
BAROM

MEAN
HUM
---------------------------------------------------------------------------------------
1 59.2 80.0 1/7/15 30.3 1/1/15 216 37 0.85 5 54 1/24/15 NNW 30.16 45
2 61.5 84.6 2/13/15 43.3 2/25/15 181 83 1.15 3 41 2/11/15 NNW 30.08 50
3 66.7 92.1 3/27/15 39.6 3/3/15 118 170 0.33 4 40 3/6/15 NNW 30.06 40
4 65.9 83.5 4/17/15 43.7 4/8/15 74 89 0.28 4 40 4/15/15 SSW 30.01 39
---------------------------------------------------------------------------------------
TOT 63.0 92.1 3/27/15 30.3 1/1/15 588 379 1.76 4 54 1/24/15 NNW 30.09 44
 
HEAT BASE : 65.0
COOL BASE : 65.0
 


NOAA Monthly Report

MONTHLY CLIMATOLOGICAL SUMMARY FOR 4/2015



DAY


MEAN
TEMP



HIGH



TIME



LOW



TIME

HEAT
DEG
DAYS

COOL
DEG
DAYS



RAIN


WIND
AVG

SPE
HI

ED
TIME

DOM
DIR

MEAN
BAROM

MEAN
HUM
---------------------------------------------------------------------------------------
1 62.2 78.1 4:29pm 51.1 5:04am 5 3 0.00 2 13 3:02pm SSW 29.99 61
2 63.4 77.3 4:44pm 49.5 5:33am 5 3 0.00 7 32 11:44am N 30.01 38
3 70.0 81.3 4:21pm 55.2 12:00am 1 6 0.00 6 26 3:19am NW 30.06 16
4 67.9 82.6 2:56pm 52.4 6:29am 3 6 0.00 2 18 4:22pm NNW 29.95 21
5 59.9 73.6 3:00pm 47.6 6:49am 7 1 0.00 3 18 5:13pm SSW 29.91 45
6 56.7 66.8 3:13pm 47.0 11:56pm 8 0 0.00 2 18 4:29pm SSW 29.98 54
7 53.3 64.2 3:40pm 44.7 5:26am 12 0 0.28 3 21 2:57pm S 30.07 60
8 55.9 68.0 4:41pm 43.7 6:20am 9 0 0.00 2 16 12:00pm SW 30.07 61
9 61.1 77.8 1:59pm 46.8 4:43am 7 3 0.00 2 21 4:37pm NNW 29.99 41
10 59.4 74.2 3:32pm 46.2 6:31am 8 2 0.00 1 11 1:49pm SSW 30.02 53
11 60.5 76.3 2:55pm 51.5 1:21am 8 3 0.00 1 16 5:31pm SSW 29.95 53
12 73.4 82.9 3:34pm 63.5 9:28am 0 8 0.00 1 13 5:24pm SSW 29.95 39
13 75.9 82.8 2:34pm 67.3 9:44am 0 11 0.00 1 16 5:25pm SSW 30.05 39
14 72.6 78.1 3:48pm 55.4 9:11am 0 8 0.00 3 15 3:58pm SSW 30.04 45
15 72.0 75.0 4:09pm 63.6 8:58am 0 7 0.00 11 40 8:56am SW 29.97 24
16 73.5 77.6 3:43pm 63.0 8:08am 0 9 0.00 10 33 8:39am NNW 30.02 11
17 77.2 83.5 2:17pm 75.9 12:00am 0 12 0.00 7 22 4:36pm N 30.04 12
18 76.1 81.4 12:58pm 69.1 9:03am 0 6 0.00 0 7 10:24am SSW 30.02 17
---------------------------------------------------------------------------------------
TOT 65.9 83.5 4/17/15 43.7 4/8/15 74 89 0.28 4 40 4/15/15 SSW 30.01 39
 
HEAT BASE : 65.0
COOL BASE : 65.0
 

© All rights reserved. Unauthorized duplication or distribution is prohibited

Never base important decisions on this or any weather information obtained from the Internet

California State University, San Bernardino
5500 University Parkway, San Bernardino, CA. 92407
Phone: (909) 537-7558, Email: Steve Burdick
Last Updated: