Skip navigation

Daily Weather Reports

[Select Refresh to Update]


NOAA Yearly Report

YEARLY CLIMATOLOGICAL SUMMARY FOR 2016
MON MEAN
TEMP
HIGH DATE LOW DATE HEAT
DEG
DAYS
COOL
DEG
DAYS
RAIN
WIND
AVG
SPE
HI
ED
DATE
DOM
DIR
MEAN
BAROM
MEAN
HUM
---------------------------------------------------------------------------------------
1 53.5 76.2 1/28/16 36.3 1/8/16 364 10 4.50 2 43 1/26/16 NNW 30.15 57
2 64.3 88.8 2/16/16 36.9 2/2/16 149 130 0.57 6 54 2/7/16 N 30.12 34
3 60.4 85.9 3/16/16 41.7 3/31/16 219 78 2.04 2 40 3/23/16 SSW 30.04 57
4 63.7 92.9 4/6/16 41.9 4/26/16 152 114 0.12 2 40 4/15/16 SSW 30.01 51
5 63.9 95.9 5/12/16 46.7 5/22/16 136 102 0.02 2 22 5/4/16 SSW 29.97 64
6 77.0 110.8 6/20/16 52.6 6/16/16 30 378 0.02 2 19 6/3/16 SW 29.91 49
7 80.6 110.3 7/23/16 58.1 7/3/16 9 465 0.00 2 18 7/20/16 SW 29.91 44
8 82.7 104.4 8/15/16 61.4 8/8/16 3 253 0.00 3 19 8/18/16 W 29.90 45
9 75.4 103.3 9/18/16 53.1 9/15/16 4 48 0.00 2 38 9/25/16 NW 29.94 46
10 71.9 94.8 10/21/16 52.0 10/15/16 6 36 0.31 6 41 10/19/16 ENE 29.95 38
---------------------------------------------------------------------------------------
TOT 67.3 110.8 6/20/16 36.3 1/1/16 1072 1612 0.31 3 54 2/7/16 SSW 30.01 51
 
HEAT BASE : 65.0
COOL BASE : 65.0
 


NOAA Monthly Report

MONTHLY CLIMATOLOGICAL SUMMARY FOR 10/2016
DAY MEAN
TEMP
HIGH TIME LOW TIME HEAT
DEG
DAYS
COOL
DEG
DAYS
RAIN
WIND
AVG
SPE
HI
ED
TIME
DOM
DIR
MEAN
BAROM
MEAN
HUM
---------------------------------------------------------------------------------------
1 75.0 87.9 4:06pm 63.8 6:06am 0 2 0.00 2 16 3:47pm NE 29.96 40
2 68.5 79.5 2:41pm 57.5 5:51am 0 1 0.00 3 16 2:50pm ENE 29.95 47
3 65.0 76.4 3:56pm 54.4 6:23am 1 0 0.00 3 15 4:16pm NE 29.97 55
4 65.3 78.7 4:20pm 51.3 6:52am 1 1 0.00 2 15 5:00pm ENE 29.91 55
5 65.5 76.7 4:29pm 57.8 7:40am 0 0 0.00 1 13 1:20pm NW 29.92 64
6 76.1 86.2 3:38pm 57.7 4:35am 0 4 0.00 13 32 8:45am ESE 29.93 18
7 79.8 89.8 3:50pm 68.0 1:10am 0 2 0.00 8 29 7:56am SE 29.90 12
8 78.8 92.9 3:21pm 63.2 7:03am 0 2 0.00 3 13 3:39pm ESE 29.90 16
9 72.0 93.6 3:31pm 61.6 5:13am 0 1 0.00 2 18 4:12pm ENE 29.97 28
10 75.5 89.8 3:47pm 62.6 6:27am 0 2 0.00 3 14 4:15pm ENE 29.96 32
11 65.3 80.2 2:46pm 54.9 6:38am 0 0 0.00 1 13 1:34pm SSE 30.04 57
12 57.4 74.3 4:41pm 52.9 6:00am 1 0 0.00 1 11 2:53pm NW 30.09 80
13 66.6 83.0 2:41pm 50.4 7:20am 0 0 0.00 1 10 3:35pm NW 30.04 59
14 63.0 82.6 3:43pm 54.3 6:42am 1 0 0.00 0 10 2:10pm W 30.01 65
15 65.3 79.0 3:49pm 52.0 7:17am 0 1 0.00 0 12 4:18pm WNW 30.00 63
16 66.1 73.9 2:00pm 61.7 12:03am 0 0 0.00 4 16 5:20pm W 30.01 74
17 64.2 69.2 3:23pm 58.3 5:59am 0 0 0.30 1 13 9:54am SW 29.96 78
18 64.6 78.7 4:35pm 52.6 6:00am 1 1 0.01 2 18 7:15pm NW 29.96 69
19 75.9 84.1 3:56pm 70.0 12:00am 0 4 0.00 20 41 4:35am ESE 29.99 21
20 80.6 89.3 3:54pm 66.7 11:57pm 0 6 0.00 15 39 1:59am ESE 29.98 12
21 77.5 94.8 3:17pm 63.5 6:17am 0 5 0.00 2 14 4:43pm ENE 29.89 18
22 73.9 89.3 3:23pm 59.1 6:55am 0 4 0.00 3 12 3:38pm ENE 29.90 24
23 64.0 64.4 12:45am 63.4 2:00am 0 0 0.00 2 4 12:00am ENE 29.95 34
---------------------------------------------------------------------------------------
TOT 71.9 94.8 10/21/16 52.0 10/15/16 6 36 0.31 6 41 10/19/16 ENE 29.95 38
 
HEAT BASE : 65.0
COOL BASE : 65.0
 

© All rights reserved. Unauthorized duplication or distribution is prohibited

Never base important decisions on this or any weather information obtained from the Internet

California State University, San Bernardino
5500 University Parkway, San Bernardino, CA. 92407
Phone: (909) 537-7558, Email: Steve Burdick
Last Updated: