Skip navigation

Daily Weather Reports

[Select Refresh to Update]


NOAA Yearly Report

YEARLY CLIMATOLOGICAL SUMMARY FOR 2014



MON


MEAN
TEMP



HIGH



DATE



LOW



DATE

HEAT
DEG
DAYS

COOL
DEG
DAYS



RAIN


WIND
AVG

SPE
HI

ED
DATE

DOM
DIR

MEAN
BAROM

MEAN
HUM
---------------------------------------------------------------------------------------
1 61.9 79.6 1/17/14 41.7 1/9/14 167 72 0.40 5 54 1/14/14 NNW 30.14 31
2 57.8 83.9 2/14/14 35.3 2/2/14 248 46 1.45 2 38 2/1/14 NNW 30.07 54
3 61.1 87.7 3/16/14 44.4 3/14/14 192 71 0.98 4 45 3/8/14 N 30.07 53
4 62.9 90.0 4/9/14 38.8 4/3/14 98 66 0.72 3 30 4/7/14 N 30.04 46
---------------------------------------------------------------------------------------
TOT 60.7 90.0 4/9/14 35.3 1/1/14 704 254 3.55 4 54 1/14/14 N 30.09 46
 
HEAT BASE : 65.0
COOL BASE : 65.0
 


NOAA Monthly Report

MONTHLY CLIMATOLOGICAL SUMMARY FOR 4/2014



DAY


MEAN
TEMP



HIGH



TIME



LOW



TIME

HEAT
DEG
DAYS

COOL
DEG
DAYS



RAIN


WIND
AVG

SPE
HI

ED
TIME

DOM
DIR

MEAN
BAROM

MEAN
HUM
---------------------------------------------------------------------------------------
1 52.0 59.3 2:06pm 46.7 5:04am 13 0 0.45 4 21 6:51pm SSW 30.03 68
2 48.0 54.3 3:59pm 43.3 11:49pm 17 0 0.27 2 12 1:56pm SSW 30.07 76
3 52.3 67.2 4:17pm 38.8 5:45am 13 0 0.00 1 11 6:05pm N 30.16 65
4 54.0 64.0 3:42pm 46.0 11:59pm 11 0 0.00 2 13 3:18pm N 30.05 63
5 53.5 67.7 3:55pm 41.5 6:37am 12 0 0.00 2 18 4:59pm N 30.04 64
6 66.1 79.6 4:12pm 49.0 1:40am 3 5 0.00 8 28 6:47am N 30.10 33
7 73.0 89.0 3:09pm 54.7 2:48am 2 10 0.00 4 30 9:53am N 30.10 28
8 73.8 89.8 3:20pm 56.9 6:36am 2 10 0.00 1 15 4:56pm N 30.10 28
9 73.2 90.0 3:21pm 59.0 6:42am 1 9 0.00 1 15 2:42pm NNW 30.03 23
10 71.1 88.4 2:48pm 55.0 6:38am 2 8 0.00 1 12 3:35pm NNW 29.98 23
11 70.1 84.4 3:01pm 55.9 11:40pm 2 7 0.00 2 16 4:53pm SSW 29.92 27
12 58.1 68.1 3:29pm 52.2 2:45am 7 0 0.00 2 14 1:26pm SSW 29.95 64
13 58.9 69.4 5:24pm 52.3 6:31am 7 1 0.00 1 12 12:31pm SW 30.02 65
14 69.8 85.5 3:49pm 49.0 3:20am 4 9 0.00 5 28 9:26am N 30.06 34
15 70.1 83.1 1:19pm 55.4 6:48am 2 6 0.00 2 17 3:19pm NNW 29.95 31
---------------------------------------------------------------------------------------
TOT 62.9 90.0 4/9/14 38.8 4/3/14 98 66 0.72 3 30 4/7/14 N 30.04 46
 
HEAT BASE : 65.0
COOL BASE : 65.0
 

© All rights reserved. Unauthorized duplication or distribution is prohibited

Never base important decisions on this or any weather information obtained from the Internet

California State University, San Bernardino
5500 University Parkway, San Bernardino, CA. 92407
Phone: (909) 537-7558, Email: Steve Burdick
Last Updated: