Skip navigation

Daily Weather Reports

[Select Refresh to Update]


NOAA Yearly Report

YEARLY CLIMATOLOGICAL SUMMARY FOR 2015



MON


MEAN
TEMP



HIGH



DATE



LOW



DATE

HEAT
DEG
DAYS

COOL
DEG
DAYS



RAIN


WIND
AVG

SPE
HI

ED
DATE

DOM
DIR

MEAN
BAROM

MEAN
HUM
---------------------------------------------------------------------------------------
1 59.1 80.0 1/7/15 30.3 1/1/15 203 36 0.84 5 54 1/24/15 NNW 30.18 44
---------------------------------------------------------------------------------------
TOT 59.1 80.0 1/7/15 30.3 1/1/15 203 36 0.00 5 54 1/24/15 NNW 30.18 44
 
HEAT BASE : 65.0
COOL BASE : 65.0
 


NOAA Monthly Report

MONTHLY CLIMATOLOGICAL SUMMARY FOR 1/2015



DAY


MEAN
TEMP



HIGH



TIME



LOW



TIME

HEAT
DEG
DAYS

COOL
DEG
DAYS



RAIN


WIND
AVG

SPE
HI

ED
TIME

DOM
DIR

MEAN
BAROM

MEAN
HUM
---------------------------------------------------------------------------------------
1 40.4 54.1 2:30pm 30.3 5:30am 25 0 0.00 1 13 1:45am NNW 30.24 44
2 44.3 57.4 2:45pm 32.7 6:30am 21 0 0.00 1 14 12:30am N 30.22 46
3 45.7 59.3 2:30pm 35.6 7:00am 19 0 0.00 1 9 1:15pm NNW 30.32 63
4 54.1 69.5 2:15pm 39.7 7:00am 12 1 0.00 2 28 11:45pm NNW 30.38 45
5 65.1 70.8 3:34pm 54.9 11:43pm 2 2 0.00 11 39 3:30am NNE 30.29 20
6 64.2 77.4 1:02pm 51.7 4:57am 5 4 0.00 4 27 2:25pm N 30.24 27
7 66.7 80.0 1:08pm 54.5 2:57am 3 5 0.00 4 22 11:37am NNE 30.15 31
8 61.4 75.8 1:50pm 53.2 6:20am 6 2 0.00 1 11 2:57pm NNW 30.08 47
9 57.5 64.8 1:04pm 50.0 11:59pm 8 0 0.00 1 9 8:23am NNW 30.06 60
10 55.2 65.6 12:44pm 47.0 3:27am 10 0 0.01 1 6 3:58pm NNW 30.06 66
11 55.4 58.8 8:10pm 52.5 11:39pm 10 0 0.46 1 19 5:59pm N 30.09 81
12 55.3 63.6 3:12pm 46.8 6:18am 10 0 0.01 1 20 10:33pm NNW 30.19 77
13 57.7 63.6 1:19pm 48.0 2:44am 7 0 0.00 7 37 9:56am NNE 30.16 47
14 60.5 66.3 3:00pm 55.8 12:58am 4 0 0.00 8 26 1:45pm NNW 30.22 31
15 59.9 68.5 2:00pm 48.8 7:30am 6 1 0.00 5 27 1:00am N 30.28 34
16 59.3 75.5 3:34pm 45.7 6:43am 8 2 0.00 1 15 11:57pm N 30.21 36
17 65.9 77.5 1:37pm 53.2 11:53pm 2 3 0.00 4 26 4:01am NW 30.20 28
18 60.7 76.3 2:31pm 51.7 2:42am 7 2 0.00 1 6 4:46am NNW 30.25 45
19 60.4 76.6 2:52pm 50.4 3:15am 7 3 0.00 1 7 9:04pm NNW 30.16 49
20 57.6 69.1 2:34pm 49.0 4:50am 8 0 0.00 1 7 5:19pm NNW 30.03 60
21 61.1 68.3 2:47pm 48.4 4:01am 4 1 0.00 11 37 11:02am NNE 30.08 38
22 63.0 67.9 1:35pm 57.4 9:41pm 2 0 0.00 10 37 4:29am N 30.25 16
23 64.0 70.3 3:25pm 53.2 12:41am 2 1 0.00 9 40 9:31pm N 30.26 14
24 67.0 71.6 10:05pm 61.9 7:14am 1 3 0.00 22 54 6:28am NNE 30.12 18
25 69.4 76.3 1:18pm 60.7 10:56pm 0 5 0.00 12 47 7:08am NNE 30.07 22
26 61.1 71.9 1:10pm 55.5 11:51pm 5 1 0.30 1 13 2:00pm NNW 30.09 53
27 59.5 70.4 2:38pm 52.7 7:14am 6 1 0.06 1 10 2:46pm NNW 30.21 72
28 61.1 67.1 2:08pm 50.1 4:10am 4 0 0.00 8 28 9:51pm NNE 30.18 56
29 63.9 65.1 12:07am 63.1 2:48am 0 0 0.00 10 30 12:08am N 30.11 43
---------------------------------------------------------------------------------------
TOT 59.1 80.0 1/7/15 30.3 1/1/15 203 36 0.84 5 54 1/24/15 NNW 30.18 44
 
HEAT BASE : 65.0
COOL BASE : 65.0
 

© All rights reserved. Unauthorized duplication or distribution is prohibited

Never base important decisions on this or any weather information obtained from the Internet

California State University, San Bernardino
5500 University Parkway, San Bernardino, CA. 92407
Phone: (909) 537-7558, Email: Steve Burdick
Last Updated: