Skip navigation

Daily Weather Reports

[Select Refresh to Update]


NOAA Yearly Report

YEARLY CLIMATOLOGICAL SUMMARY FOR 2016



MON


MEAN
TEMP



HIGH



DATE



LOW



DATE

HEAT
DEG
DAYS

COOL
DEG
DAYS



RAIN


WIND
AVG

SPE
HI

ED
DATE

DOM
DIR

MEAN
BAROM

MEAN
HUM
---------------------------------------------------------------------------------------
1 53.5 76.2 1/28/16 36.3 1/8/16 364 10 4.50 2 43 1/26/16 NNW 30.15 57
2 64.3 88.8 2/16/16 36.9 2/2/16 149 130 0.57 6 54 2/7/16 N 30.12 34
3 60.4 85.9 3/16/16 41.7 3/31/16 219 78 2.04 2 40 3/23/16 SSW 30.04 57
4 63.7 92.9 4/6/16 41.9 4/26/16 152 114 0.12 2 40 4/15/16 SSW 30.01 51
5 63.8 95.9 5/12/16 46.7 5/22/16 105 77 0.02 2 22 5/4/16 SSW 29.96 64
---------------------------------------------------------------------------------------
TOT 61.0 95.9 5/12/16 36.3 1/1/16 990 408 2.75 3 54 2/7/16 SSW 30.06 52
 
HEAT BASE : 65.0
COOL BASE : 65.0
 


NOAA Monthly Report

MONTHLY CLIMATOLOGICAL SUMMARY FOR 5/2016



DAY


MEAN
TEMP



HIGH



TIME



LOW



TIME

HEAT
DEG
DAYS

COOL
DEG
DAYS



RAIN


WIND
AVG

SPE
HI

ED
TIME

DOM
DIR

MEAN
BAROM

MEAN
HUM
---------------------------------------------------------------------------------------
1 62.0 75.1 3:28pm 49.5 6:27am 5 2 0.00 1 14 4:05pm SSW 29.94 65
2 66.9 84.9 4:03pm 50.4 6:13am 5 6 0.00 1 15 2:00pm SSW 30.01 57
3 71.6 89.6 3:01pm 55.3 5:42am 3 9 0.00 1 18 4:05pm SSW 29.95 47
4 65.7 81.6 2:07pm 53.7 5:56am 3 4 0.00 2 22 3:36pm SSW 29.93 63
5 58.1 64.5 4:01pm 54.4 7:10am 7 0 0.00 2 17 4:44pm SSW 29.93 72
6 55.9 59.3 11:36am 53.4 6:36am 9 0 0.00 1 13 12:25pm SSW 29.93 78
7 58.8 68.0 3:25pm 53.0 6:43am 6 0 0.00 1 17 4:09pm SSW 30.00 70
8 58.6 66.0 3:59pm 53.2 6:11am 6 0 0.00 0 11 5:07pm SSW 29.99 70
9 62.7 72.4 2:50pm 54.8 6:39am 4 2 0.00 1 14 12:42pm SSW 29.98 66
10 62.6 76.1 2:54pm 50.7 5:36am 5 3 0.00 1 13 3:51pm SSW 30.00 68
11 67.3 85.6 3:56pm 53.2 4:29am 4 6 0.00 1 12 4:34pm SSW 30.02 65
12 74.8 95.9 2:47pm 55.6 6:07am 2 12 0.00 1 18 3:08pm SSW 29.99 51
13 72.3 89.6 3:18pm 55.8 6:07am 2 10 0.00 2 17 5:35pm SSW 29.97 54
14 64.9 76.7 3:50pm 58.9 5:47am 3 3 0.00 2 18 4:51pm SSW 29.97 70
15 60.5 64.7 3:56pm 57.0 5:15am 5 0 0.02 1 9 12:24am SSW 29.94 76
16 62.4 71.6 3:14pm 53.9 6:15am 4 1 0.00 2 14 3:31pm SSW 29.93 71
17 66.4 78.8 2:39pm 58.6 11:57pm 2 4 0.00 2 15 2:09pm SSW 29.93 66
18 68.7 85.2 2:35pm 55.6 2:49am 3 7 0.00 2 19 3:17pm SSW 29.96 63
19 66.6 79.8 3:02pm 56.5 4:12am 3 4 0.00 2 13 1:48pm SSW 29.91 68
20 62.0 71.3 2:41pm 55.6 11:55pm 4 1 0.00 4 19 3:23pm SSW 29.88 62
21 59.6 69.8 2:58pm 53.7 6:00am 6 1 0.00 3 19 6:25pm SSW 30.01 58
22 59.6 73.7 2:53pm 46.7 5:40am 7 1 0.00 2 20 2:50pm SSW 30.05 58
23 59.7 71.1 3:27pm 48.8 5:31am 6 1 0.00 2 16 6:26pm SSW 29.95 60
24 56.3 57.0 12:00am 55.4 3:42am 1 0 0.00 1 7 2:10am SSW 29.96 73
---------------------------------------------------------------------------------------
TOT 63.8 95.9 5/12/16 46.7 5/22/16 105 77 0.02 2 22 5/4/16 SSW 29.96 64
 
HEAT BASE : 65.0
COOL BASE : 65.0
 

© All rights reserved. Unauthorized duplication or distribution is prohibited

Never base important decisions on this or any weather information obtained from the Internet

California State University, San Bernardino
5500 University Parkway, San Bernardino, CA. 92407
Phone: (909) 537-7558, Email: Steve Burdick
Last Updated: