Skip navigation

Daily Weather Reports

[Select Refresh to Update]


NOAA Yearly Report

YEARLY CLIMATOLOGICAL SUMMARY FOR 2015



MON


MEAN
TEMP



HIGH



DATE



LOW



DATE

HEAT
DEG
DAYS

COOL
DEG
DAYS



RAIN


WIND
AVG

SPE
HI

ED
DATE

DOM
DIR

MEAN
BAROM

MEAN
HUM
---------------------------------------------------------------------------------------
1 59.2 80.0 1/7/15 30.3 1/1/15 216 37 0.85 5 54 1/24/15 NNW 30.16 45
2 61.5 84.6 2/13/15 43.3 2/25/15 181 83 1.15 3 41 2/11/15 NNW 30.08 50
3 66.7 92.1 3/27/15 39.6 3/3/15 118 170 0.33 4 40 3/6/15 NNW 30.06 40
4 66.6 93.7 4/29/15 43.7 4/8/15 118 166 0.38 3 45 4/27/15 SSW 29.98 42
5 61.2 91.1 5/1/15 42.9 5/8/15 164 59 1.41 2 24 5/7/15 SSW 29.98 64
---------------------------------------------------------------------------------------
TOT 63.1 93.7 4/29/15 30.3 1/1/15 796 515 3.27 3 54 1/24/15 SSW 30.05 48
 
HEAT BASE : 65.0
COOL BASE : 65.0
 


NOAA Monthly Report

MONTHLY CLIMATOLOGICAL SUMMARY FOR 5/2015



DAY


MEAN
TEMP



HIGH



TIME



LOW



TIME

HEAT
DEG
DAYS

COOL
DEG
DAYS



RAIN


WIND
AVG

SPE
HI

ED
TIME

DOM
DIR

MEAN
BAROM

MEAN
HUM
---------------------------------------------------------------------------------------
1 76.3 91.1 2:56pm 62.8 4:10am 0 12 0.00 2 18 3:49pm SSW 29.89 25
2 74.3 88.5 2:35pm 61.1 5:39am 1 10 0.00 2 22 5:18pm NNW 29.85 26
3 64.5 78.7 3:06pm 52.6 6:25am 4 4 0.00 2 15 3:46pm SSW 29.90 59
4 60.9 74.3 3:34pm 51.8 4:40am 6 1 0.00 2 15 3:10pm SSW 29.97 65
5 60.1 69.8 3:40pm 53.1 11:52pm 6 1 0.00 2 15 2:49pm SSW 29.99 64
6 57.7 65.9 4:28pm 52.7 7:46am 7 0 0.00 1 12 3:22pm SSW 29.93 69
7 55.6 61.6 3:18pm 48.7 11:54pm 9 0 0.10 3 24 4:39pm SSW 29.90 67
8 50.6 54.6 3:57pm 42.9 4:56am 14 0 0.64 1 10 2:01am ENE 30.01 77
9 57.1 63.2 4:37pm 51.8 6:00am 8 0 0.00 1 9 1:42pm SSW 30.10 71
10 64.7 82.9 3:55pm 48.1 6:15am 6 5 0.00 1 13 1:05pm SSW 30.01 61
11 69.8 84.7 1:58pm 54.9 5:04am 3 8 0.00 2 20 2:33pm SSW 29.89 49
12 63.6 77.9 3:01pm 53.0 11:52pm 4 3 0.00 2 20 6:10pm SSW 29.90 57
13 60.2 71.5 4:07pm 50.2 3:00am 6 1 0.00 2 15 5:57pm SSW 29.97 60
14 54.0 59.8 11:12am 49.7 5:10pm 11 0 0.45 2 19 2:01pm SSW 29.94 76
15 55.0 61.3 5:00pm 50.4 6:31am 10 0 0.05 1 12 12:15pm SSW 29.92 74
16 58.7 68.5 3:42pm 50.3 6:02am 7 0 0.00 1 13 6:03pm SSW 30.03 69
17 62.1 73.2 2:07pm 52.5 3:23am 5 2 0.00 3 17 5:04pm SSW 30.03 68
18 59.9 66.8 4:14pm 55.4 6:09am 5 0 0.00 2 15 5:06pm SSW 30.06 68
19 61.9 72.6 3:31pm 55.7 5:22am 4 1 0.00 2 15 3:20pm SSW 30.06 62
20 62.2 74.9 3:21pm 52.2 5:24am 5 2 0.00 2 14 4:04pm SSW 29.98 63
21 59.5 66.7 5:09pm 55.6 3:23am 6 0 0.00 2 15 5:10pm SSW 29.98 62
22 55.1 58.7 1:15pm 51.8 9:42am 10 0 0.16 1 10 7:52am E 30.07 74
23 57.8 62.2 5:45pm 53.5 12:28am 7 0 0.01 1 9 2:55pm SSW 30.11 79
24 59.8 65.9 5:45pm 55.6 11:45pm 5 0 0.00 1 7 3:15pm SSW 30.03 74
25 61.1 72.8 4:15pm 51.6 3:45am 6 2 0.00 1 12 2:45pm SSW 30.01 73
26 64.6 76.8 4:15pm 57.3 5:00am 4 3 0.00 1 13 4:30pm SW 30.00 68
27 66.1 80.9 4:07pm 57.0 12:15am 3 4 0.00 2 13 1:15pm SW 29.99 65
28 55.0 59.3 12:00am 52.4 6:03am 3 0 0.00 0 4 12:25am N 29.99 82
---------------------------------------------------------------------------------------
TOT 61.2 91.1 5/1/15 42.9 5/8/15 164 59 1.41 2 24 5/7/15 SSW 29.98 64
 
HEAT BASE : 65.0
COOL BASE : 65.0
 

© All rights reserved. Unauthorized duplication or distribution is prohibited

Never base important decisions on this or any weather information obtained from the Internet

California State University, San Bernardino
5500 University Parkway, San Bernardino, CA. 92407
Phone: (909) 537-7558, Email: Steve Burdick
Last Updated: