Skip navigation

Daily Weather Reports

[Select Refresh to Update]


NOAA Yearly Report

YEARLY CLIMATOLOGICAL SUMMARY FOR 2016



MON


MEAN
TEMP



HIGH



DATE



LOW



DATE

HEAT
DEG
DAYS

COOL
DEG
DAYS



RAIN


WIND
AVG

SPE
HI

ED
DATE

DOM
DIR

MEAN
BAROM

MEAN
HUM
---------------------------------------------------------------------------------------
1 53.5 76.2 1/28/16 36.3 1/8/16 364 10 4.50 2 43 1/26/16 NNW 30.15 57
2 64.3 88.8 2/16/16 36.9 2/2/16 149 130 0.57 6 54 2/7/16 N 30.12 34
3 60.4 85.9 3/16/16 41.7 3/31/16 219 78 2.04 2 40 3/23/16 SSW 30.04 57
4 63.7 92.9 4/6/16 41.9 4/26/16 152 114 0.12 2 40 4/15/16 SSW 30.01 51
5 63.9 95.9 5/12/16 46.7 5/22/16 136 102 0.02 2 22 5/4/16 SSW 29.97 64
6 77.0 110.8 6/20/16 52.6 6/16/16 30 378 0.02 2 19 6/3/16 SW 29.91 49
7 75.4 94.9 7/9/16 58.1 7/3/16 7 132 0.00 2 17 7/1/16 SW 29.94 55
---------------------------------------------------------------------------------------
TOT 64.4 110.8 6/20/16 36.3 1/1/16 1058 943 0.00 3 54 2/7/16 SSW 30.03 53
 
HEAT BASE : 65.0
COOL BASE : 65.0
 


NOAA Monthly Report

MONTHLY CLIMATOLOGICAL SUMMARY FOR 7/2016



DAY


MEAN
TEMP



HIGH



TIME



LOW



TIME

HEAT
DEG
DAYS

COOL
DEG
DAYS



RAIN


WIND
AVG

SPE
HI

ED
TIME

DOM
DIR

MEAN
BAROM

MEAN
HUM
---------------------------------------------------------------------------------------
1 79.1 93.0 3:02pm 67.0 6:26am 0 14 0.00 2 17 4:59pm SW 29.87 57
2 76.3 93.4 3:09pm 61.7 6:29am 0 11 0.00 2 14 4:04pm SW 29.96 54
3 73.9 90.2 3:17pm 58.1 6:01am 1 10 0.00 2 14 3:46pm SSW 30.01 56
4 75.0 92.3 4:27pm 58.1 6:05am 1 11 0.00 2 14 2:49pm SSW 30.00 53
5 72.7 89.8 4:29pm 61.1 5:52am 1 8 0.00 2 17 5:26pm SW 29.97 57
6 72.3 88.5 3:45pm 60.4 4:50am 1 8 0.00 2 14 4:51pm SW 29.96 60
7 74.7 93.1 4:33pm 59.3 5:58am 1 11 0.00 2 15 6:15pm SW 29.94 56
8 77.1 93.3 4:12pm 60.8 6:25am 1 13 0.00 2 15 5:35pm SW 29.95 52
9 78.7 94.9 4:03pm 61.3 6:19am 0 14 0.00 2 14 5:30pm SW 29.98 49
10 77.4 92.0 3:50pm 63.2 5:58am 0 12 0.00 2 16 2:43pm SW 29.91 51
11 75.4 92.1 3:52pm 61.0 5:58am 1 11 0.00 2 15 5:31pm SW 29.86 53
12 74.7 91.4 3:48pm 61.6 5:37am 0 10 0.00 1 15 6:27pm SW 29.90 57
13 64.9 69.3 12:00am 61.0 5:43am 0 0 0.00 0 3 4:04am NNW 29.93 74
---------------------------------------------------------------------------------------
TOT 75.4 94.9 7/9/16 58.1 7/3/16 7 132 0.00 2 17 7/1/16 SW 29.94 55
 
HEAT BASE : 65.0
COOL BASE : 65.0
 

© All rights reserved. Unauthorized duplication or distribution is prohibited

Never base important decisions on this or any weather information obtained from the Internet

California State University, San Bernardino
5500 University Parkway, San Bernardino, CA. 92407
Phone: (909) 537-7558, Email: Steve Burdick
Last Updated: